{"id":861,"date":"2022-12-14T11:00:01","date_gmt":"2022-12-14T10:00:01","guid":{"rendered":"https:\/\/vk-piran.si\/?page_id=861"},"modified":"2026-03-11T10:43:51","modified_gmt":"2026-03-11T09:43:51","slug":"donacija-dohodnine-2022","status":"publish","type":"page","link":"https:\/\/vk-piran.si\/?page_id=861","title":{"rendered":"Donacija dohodnine 2026"},"content":{"rendered":"<p>Vsak dav\u010dni zavezanec rezident lahko nameni do 1,0 % dohodnine tudi za financiranje \u0161portnih dru\u0161tev, ki imajo status dru\u0161tva v javnem interesu. Tak\u0161na donacija za vas ne predstavlja nobenega stro\u0161ka, saj gre za dohodnino, ki jo sicer pla\u010date dr\u017eavi.<\/p>\n<p>Donirate v naslednjih korakih:<\/p>\n<ol>\n<li>Prenesite si obrazec in ga natisnite (<a style=\"background-color: #ffffff;\" href=\"https:\/\/vk-piran.si\/wp\/wp-content\/uploads\/2022\/12\/OBRAZEC_DOHODNINA.pdf\">PDF obrazec <\/a>ali <a style=\"background-color: #ffffff;\" href=\"https:\/\/vk-piran.si\/wp\/wp-content\/uploads\/2022\/12\/OBRAZEC_DOHODNINA.docx\">Wordov obrazec<\/a><a style=\"background-color: #ffffff;\" href=\"https:\/\/vk-piran.si\/wp\/wp-content\/uploads\/2022\/12\/OBRAZEC_DOHODNINA.pdf\">)<\/a><\/li>\n<li>Izpolnite vsa polja: <strong>IME IN PRIIMEK MORATA BITI NAVEDENA ENAKO KOT NA OSEBNIH DOKUMENTIH<\/strong><\/li>\n<li>Podpi\u0161ite obrazec<\/li>\n<li>Izpolnjen obrazec po\u0161ljite ali prinesite v klub.<\/li>\n<\/ol>\n<p><strong>Zahtevo za namenitev dela dohodnine za leto 2026 lahko oddate do vklju\u010dno 31.12.2026.<\/strong><\/p>\n<p style=\"text-align: left;\">Vesla\u0161ki klub Piran se zavezuje, da bo pri uporabi osebnih podatkov v celoti upo\u0161teval veljavno zakonodajo, ki zagotavlja varstvo osebnih podatkov.<\/p>\n<p>&nbsp;<\/p>\n<hr \/>\n<p>&nbsp;<\/p>\n<p style=\"text-align: left;\"><strong>Ve\u010d o donacijah dohodnine<\/strong><\/p>\n<p>Potem ko se obrazec odda, je na vsakem naslednjem Informativnem izra\u010dunu dohodnine na koncu obrazlo\u017eitve navedeno, kateremu upravi\u010dencu se namenja % dohodnine, naveden je tudi znesek donacije.<\/p>\n<p><strong>Podari preko aplikacije\u00a0<a href=\"https:\/\/edavki.durs.si\/\" target=\"_blank\" rel=\"noopener\">eDavki<\/a><\/strong><\/p>\n<p>Zavezanec lahko zahtevo za namenitev dela dohodnine odda tudi elektronsko preko storitev elektronskega poslovanja FURS\u00a0<a href=\"http:\/\/edavki.durs.si\/\" target=\"_blank\" rel=\"noopener\">eDavki<\/a>, kjer sta na voljo 2 mo\u017enosti:<\/p>\n<ul>\n<li>Registracija z digitalnim potrdilom na spletni strani\u00a0<a href=\"https:\/\/edavki.durs.si\/EdavkiPortal\/PersonalPortal\/Pages\/Login\/Login.aspx?ReturnUrl=%2fEdavkiPortal%2fPersonalPortal%2fPages%2fStartPage%2fStartPage.aspx\" target=\"_blank\" rel=\"noopener\">FURS_vstop<\/a>,<\/li>\n<li>Prijava z uporabni\u0161kim ra\u010dunom in geslom: na spletni strani\u00a0<a href=\"https:\/\/edavki.durs.si\/EdavkiPortal\/PersonalPortal\/Pages\/Login\/Login.aspx?ReturnUrl=%2fEdavkiPortal%2fPersonalPortal%2fPages%2fStartPage%2fStartPage.aspx\" target=\"_blank\" rel=\"noopener\">FURS_vstop<\/a>\u00a0se za prvo prijavo vnese dav\u010dna \u0161tevilka in epo\u0161tni naslov, na katerega se nato prejme geslo za dostop; zahtevan je \u0161e vnos \u0161tevilke z dokumenta IID (Informativni izra\u010dun dohodnine), ki ga zavezanec prejme vsako leto. Pri vsaki naslednji prijavi se vnese samo dav\u010dna \u0161tevilka in geslo.<\/li>\n<\/ul>\n<p style=\"text-align: left;\">Na vstopni strani je potrebno izbrati \u00bbPodatki o zavezancu\u00ab in nato \u00bbNamenitev dela dohodnine\u00ab, kjer se vpi\u0161e dav\u010dno \u0161tevilko dru\u0161tva in %, ki se namenja dru\u0161tvu ter klikne \u00bbOddaj vlogo\u00ab.<\/p>\n<p style=\"text-align: left;\"><object style=\"display: none;\" width=\"300\" height=\"150\" classid=\"clsid:9BE31822-FDAD-461B-AD51-BE1D1C159921\" codebase=\"http:\/\/download.videolan.org\/pub\/videolan\/vlc\/last\/win32\/axvlc.cab\" data-mce-fragment=\"1\"><\/object><\/p>\n","protected":false},"excerpt":{"rendered":"<p>Vsak dav\u010dni zavezanec rezident lahko nameni do 1,0 % dohodnine tudi za financiranje \u0161portnih dru\u0161tev, ki imajo status dru\u0161tva v javnem interesu. Tak\u0161na donacija za vas ne predstavlja nobenega stro\u0161ka, saj gre za dohodnino, ki jo sicer pla\u010date dr\u017eavi. Donirate v naslednjih korakih: Prenesite si obrazec in ga natisnite (PDF obrazec ali Wordov obrazec) Izpolnite vsa polja: IME IN PRIIMEK MORATA BITI NAVEDENA ENAKO KOT NA OSEBNIH DOKUMENTIH Podpi\u0161ite obrazec Izpolnjen obrazec po\u0161ljite ali prinesite v klub. Zahtevo za namenitev dela dohodnine za leto 2026 lahko oddate do vklju\u010dno 31.12.2026.&hellip;<\/p>\n","protected":false},"author":3,"featured_media":0,"parent":0,"menu_order":0,"comment_status":"closed","ping_status":"closed","template":"","meta":{"footnotes":""},"class_list":["post-861","page","type-page","status-publish","hentry"],"_links":{"self":[{"href":"https:\/\/vk-piran.si\/index.php?rest_route=\/wp\/v2\/pages\/861","targetHints":{"allow":["GET"]}}],"collection":[{"href":"https:\/\/vk-piran.si\/index.php?rest_route=\/wp\/v2\/pages"}],"about":[{"href":"https:\/\/vk-piran.si\/index.php?rest_route=\/wp\/v2\/types\/page"}],"author":[{"embeddable":true,"href":"https:\/\/vk-piran.si\/index.php?rest_route=\/wp\/v2\/users\/3"}],"replies":[{"embeddable":true,"href":"https:\/\/vk-piran.si\/index.php?rest_route=%2Fwp%2Fv2%2Fcomments&post=861"}],"version-history":[{"count":8,"href":"https:\/\/vk-piran.si\/index.php?rest_route=\/wp\/v2\/pages\/861\/revisions"}],"predecessor-version":[{"id":2727,"href":"https:\/\/vk-piran.si\/index.php?rest_route=\/wp\/v2\/pages\/861\/revisions\/2727"}],"wp:attachment":[{"href":"https:\/\/vk-piran.si\/index.php?rest_route=%2Fwp%2Fv2%2Fmedia&parent=861"}],"curies":[{"name":"wp","href":"https:\/\/api.w.org\/{rel}","templated":true}]}}